housands digit of r(-4)?
3
Suppose 8*b - 10*b + 12 = 0. What is the tens digit of (-717)/(-63)*b + 4/(-14)?
6
Suppose 3*r - 2 = k - 7, -k - 4*r + 5 = 0. Suppose -2*v = 2*d - 8, 4*v - k*v = -2*d - 1. What is the units digit of 3/(v/(-40)*-4)?
0
Suppose 0 = -3*v - 2*q - 40, 0 = -5*v + 2*q - 0*q - 88. Let k = 20 + v. Suppose -10 = -2*b, k*c + 3*b = -0*b + 259. What is the units digit of c?
1
What is the units digit of (150/4)/(8/48)?
5
Let t(w) be the first derivative of -2*w - 2 - 1/2*w**2. What is the units digit of t(-5)?
3
Suppose 107*f - 2780 = 102*f. What is the hundreds digit of f?
5
Suppose -183*d = -184*d + 557. What is the hundreds digit of d?
5
What is the hundreds digit of (1582/4 + -1)*200/60?
3
Suppose 22*q - s - 50 = 20*q, 49 = 3*q + 5*s. What is the units digit of q?
3
Suppose 5*g + 0*g = -180. Let v be (-6)/21 - g/(-21). What is the tens digit of 378/12 - v/(-4)?
3
Let w(p) = -p - 5. Let d be w(5). What is the units digit of (-142)/d - 4/(-5)?
5
Suppose 0 = i - 5*g + 2*g - 4, 3*g + 12 = 3*i. Let d(c) = 19*c + 4. Let s be d(i). Suppose -3*r - r + s = 4*x, 5*x - 10 = 0. What is the tens digit of r?
1
Let c = -54 + 84. Let t = 81 - c. What is the units digit of t?
1
Suppose 3*u - 9 + 1 = 2*b, -22 = -3*u - 5*b. Let h = u + -10. What is the units digit of (-38)/h - (-2)/3?
7
Suppose 0 = 46*q - 77512 + 17482. What is the tens digit of q?
0
Let a = -270 + 315. What is the tens digit of a?
4
Let a(x) = -2*x**2 + 13*x + 7. Let w(k) = k**2 + 12*k + 6. Let l be w(-12). What is the units digit of a(l)?
3
Let q(v) = -v**2 + v + 12. Let n be q(0). Let r be (-11 - 0)/(n/(-12)). Suppose -56 + r = -5*l. What is the units digit of l?
9
Let l be (2 - -4) + -1*4. Suppose -24 = -l*g + 16. Suppose -5*k - 2 = -4*b - 26, -g = -5*k + 5*b. What is the units digit of k?
8
Suppose 3*o - 161 = 5*z, 5*o + 4*z - 122 = 3*o. Let d = 137 - o. What is the units digit of d?
0
Let g be (12/(-8))/(3/8). Let i be g/(-1)*(1 + 2). Suppose -i*m + 8*m + 136 = 0. What is the units digit of m?
4
Suppose -6 = t - 15. Suppose -4*b + t*a = 4*a - 229, 4*a + 4 = 0. Suppose 0 = -3*s - 4*h + b, 2*s - 3*h = s + 10. What is the tens digit of s?
1
Let j(q) = 11*q**3 - 6*q**2 - 11*q + 9. What is the thousands digit of j(6)?
2
Let a(s) = -s**3 + 17*s**2 + 38*s - 15. Let x be a(19). Suppose 2*o = -4*r + 54, -5*r + r + 83 = 3*o. Let w = o + x. What is the tens digit of w?
1
Let i(g) be the third derivative of 19*g**6/120 - g**5/60 - g**4/8 + g**3/3 - 2*g**2. Let l be i(2). Suppose -w - w + l = 0. What is the tens digit of w?
7
Suppose -3*b - 3*z + 2*z = 0, -5*b - 3*z - 4 = 0. Let f(a) = 181*a**3 - 2*a**2 + 1. What is the tens digit of f(b)?
8
Suppose 0*c = 5*c - 5*g + 20, -5*c + g = 4. Suppose j - 3*u = u + 125, 4*j + u - 449 = c. What is the tens digit of j?
1
Suppose 2*a + 4 = 16. Let q be (-81)/4*(-80)/a. Suppose -5*h = 5*k - 0*k - q, 0 = 4*k - 20. What is the tens digit of h?
4
Let r(i) = 1116*i**3 + 6*i**2 - 5*i - 2. What is the units digit of r(1)?
5
Let d(i) = -i**3 - 3*i**2 + 4*i - 1. Let o be (-12)/(-15)*(-10)/2. Let f be d(o). What is the units digit of 3 - (f + 1 + 1)?
2
Suppose 5*n + 28 = -3*r, -2*r - 27 - 9 = -n. Let p be (-16)/(-6)*(-36)/r. Suppose 36 = -p*y + 90. What is the units digit of y?
9
Let n(i) = 11*i**2 - 48*i + 54. Let f(y) = -7*y**2 + 32*y - 36. Let k(l) = -8*f(l) - 5*n(l). What is the units digit of k(17)?
5
Suppose -25 = -3*y + 4*n, 3*y + 3 = -0*y - 3*n. What is the tens digit of (-1 + (-16)/y)/((-5)/255)?
2
Let k = 0 - -1. Suppose v + h = k, 5*v = -0*v - 2*h - 10. What is the units digit of (-6)/v - (-29)/2?
6
Let i be (-4)/8*10 + -2. What is the tens digit of i/(14/(-6)) - -18?
2
Let m = 3936 + -1968. What is the hundreds digit of m?
9
Suppose 5*s + 4*y - 67 - 54 = 0, -5*s + 4*y = -89. Suppose 4*z + 18*z + 44 = 0. Let d = s + z. What is the units digit of d?
9
Let t = -58 + 71. Suppose 17 = -3*c - 13. Let s = t + c. What is the units digit of s?
3
Suppose 3*v - 72 = 6*v. What is the tens digit of 1 + (12/9)/((-1)/v)?
3
Suppose -52*g = -57*g + 12300. What is the units digit of ((-2)/(-5))/(12/g)?
2
Let x = -566 - -966. What is the units digit of x?
0
Let u be (158/(-18))/(-1) + (-10)/(-45). What is the units digit of (-22)/(-99) - (-583)/u?
5
Let x = -708 + 1099. Suppose 4*k + 0*u - x = u, u = -3. What is the units digit of k?
7
Suppose 4*u - 65 = -5*v, 13 = 2*v - 0*u - u. Suppose -v = -t + 3. What is the units digit of t?
2
Suppose -2*q - 2*d + 0*d + 182 = 0, 0 = d + 5. Suppose -2*j - 2*j = -q. What is the tens digit of j?
2
What is the hundreds digit of (-1)/(-2)*-2 + 343 + 6?
3
Suppose 5*p = 35 - 5. Suppose 0 = 2*v - p. Suppose -v*d = 4*b - 110, 4*d - 66 = -5*b + 81. What is the units digit of d?
8
Suppose -4*x + 14 - 2 = 0. Suppose -l + 4*b = -331, x*l - 4*b = -0*b + 961. What is the units digit of l?
5
Suppose -2*i + 15 = i. Suppose -l = -6*l + i. Suppose -5*k + 26 = l. What is the units digit of k?
5
Let j(z) = -z**3 - z**2 - 2*z + 3. Let m be j(0). Let g be (0 + 1)*(-6)/(-2). Suppose -g*k = -2*c - 8, 2*k + k + m*c - 3 = 0. What is the units digit of k?
2
Let u(j) = -42*j + 922. What is the hundreds digit of u(-15)?
5
Suppose 0 = 5*q - 305 - 730. What is the units digit of q?
7
Suppose 5*g = -3*r + 148, 0 = -4*r + 7*r + 4*g - 146. Let s = r + -6. What is the units digit of s?
0
Let h be (1/2)/(8/32*-2). Let j(o) = 170*o. Let d(u) = -10*u. Let b(m) = 70*d(m) + 4*j(m). What is the tens digit of b(h)?
2
What is the tens digit of (141/(-12) - -2)/(378/(-106344))?
4
Suppose -180 = -13*k + 4*k. What is the tens digit of k?
2
Let o = 1785 - -2964. What is the hundreds digit of o?
7
Let q(x) = -33*x - 4. Let g(j) = -1682*j - 203. Let b(n) = -4*g(n) + 203*q(n). Let r be b(3). Suppose r = 4*i - 81. What is the tens digit of i?
4
Let r(o) = o**2 + 7*o + 1. Let q be r(-9). Suppose -2*l = 5*g + q, 0 = 4*l + l - 4*g + 97. Let n = l - -26. What is the units digit of n?
9
Suppose -2*n = n. Suppose n*r + 5*r = 20. Suppose 2*g = 5*f - 36, f - 6*f + r*g + 32 = 0. What is the units digit of f?
8
Suppose -t + 1444 = 3*c, -11*t = -3*c - 13*t + 1448. What is the units digit of c?
0
What is the hundreds digit of 587 - (4 - (2 + -1))?
5
Suppose -4 = 4*r - 0*r. Let z be r/(-4*(-3)/156). Let y = z + 14. What is the units digit of y?
1
Let k = -92 - -383. What is the units digit of k?
1
Let g = 481 - 33. What is the tens digit of g?
4
What is the hundreds digit of 124416/200 - (-8)/(-100)?
6
Let j be (-8)/12*(-18)/4. Suppose 53 = j*p + 3*r - r, 5*p - 83 = -2*r. Suppose -p = -m - 3*o - o, -5*m + 139 = 4*o. What is the units digit of m?
1
Suppose 0 = d - 2*j - 488, 3*d - 1274 = 4*j + 192. What is the tens digit of d?
9
Suppose v - 688 = 5*k, -v + 638 = 2*k + 3*k. What is the units digit of v?
3
Let p(v) = 46*v - 6. Let c(q) = 23*q - 3. Let u(d) = -5*c(d) + 3*p(d). What is the tens digit of u(2)?
4
Let v(o) = -o**2 - 29*o - 86. Let l be v(-21). Suppose 186 = 5*i - 2*i. Suppose i = 3*m - l. What is the units digit of m?
8
Let h(t) = t**3 + 4*t**2 + 9*t - 13. What is the tens digit of h(11)?
0
Let c be 0 + -3 + -3 + (2 - -1). Let k(x) = -4*x**3 + 6*x**2 + x + 3. What is the hundreds digit of k(c)?
1
What is the tens digit of (5 + -6 + (-6)/9)*-51?
8
Let j(k) = -k**3 - 16*k**2 - 16*k - 7. Let r be j(-15). Suppose 9*m = 11*m - r. What is the units digit of m?
4
Let v = 399 + 190. What is the units digit of v?
9
What is the units digit of 4928/6 + (7 - 133/21)?
2
What is the hundreds digit of 374/(2 - 1) - (4 - 9)?
3
What is the units digit of 1 + (-5)/((-50)/5890)?
0
Let o(c) = 3*c - 23. Let q be o(9). Suppose -2*z - q*j = -256, -2 - 3 = 5*j. What is the tens digit of z?
3
What is the hundreds digit of (-152)/114 + 73336/12?
1
Let v be (-2)/1 - (-50)/(-5). Let q = v + 46. Let f = q + -1. What is the tens digit of f?
3
What is the units digit of (2847/52)/(((-10)/(-8))/5)?
9
Suppose 4*v + 4 = 4*m, 5*v + 2*m + 3 = 5. Suppose 0*z + 693 = 5*z - 4*n, v = 5*z - 2*n - 699. What is the hundreds digit of z?
1
Let o(h) = -164*h**3 - 4*h**2 + 165*h**3 - 3*h - 3*h**2. What is the hundreds digit of o(9)?
1
Suppose -3*c - 807 = -3*t + 2*c, -1084 = -4*t + 4*c. What is the units digit of t?
4
Let o(g) = 4*g**2 - g - 9. Suppose 0*l - 8 = -4*l + 3*s, s = -2*l + 4. Suppose l*k + 3*k = -10, 3*u - 11 =